
42
-5 + 37 - (27 + 1) - (1 + 32)
-29
Evaluate -15 + (72 - (-13 + 75)).
-5
Evaluate 29 + (2 - (34 + -17)) - (53 + -1).
-38
What is the value of (-3856 - -3765) + 3 + 14?
-74
Evaluate (-59 - -78) + -62 + -19.
-62
What is 25 + 1 + -2037 + 1999?
-12
What is 14 + -13 + 15 + 194 + -132?
78
What is the value of -8 - (12 - (35 - (-121 + -4)))?
140
What is 3 + 7 - 2 - (69 - 84)?
23
Evaluate 384 - 418 - (-1 - (-6 - -2)) - (-3 + -3).
-31
What is -29 + 62 + -20 - (31 + -4 - -2 - -5)?
-21
Evaluate -10 + (10 - (-6 - 12 - 2 - -11)).
9
What is (35 + -13 - 0) + -75 - -6?
-47
What is 204 + -239 + 2 + -76?
-109
Evaluate (22 - -24) + (32 - 18) - 28.
32
-12 + (7 + 4 + 8 - 3) + 112
116
Calculate (30 - 31) + (9 - 10) + 30.
28
What is the value of 3 - (-26 + 46 + -30)?
13
Calculate 3 + 4 + (-28 + -1 - (-204 + 185)) - -28.
25
What is 22 + (8 + -15 - 1) - (52 + (29 - 44))?
-23
(-649 - -708) + 0 + -113
-54
0 + 11 + (-147 - -142) + -3 + 8 - 70
-59
Calculate -6 + (14 - (5 + -10 + -3 + 5)) + -2.
9
Calculate -24 + 47 - 86 - (-3 - -2 - 5).
-57
What is (-1 - 92 - -9) + 138?
54
What is the value of (6 - 3) + 10 + -41 + -2 - (13 - 16)?
-27
Calculate (-1 + -39 - (-1571 + 1559)) + -93.
-121
207 + (98 - 213) - 65
27
What is the value of (-35 - (3 + -8)) + 43?
13
Evaluate 18 + 13 + 40 + -36.
35
Evaluate 28 - (5 - -22 - (76 + 23)).
100
Evaluate -9 + (-4 - (-11 - (-4 + -9 - 3) - 6)).
-12
Evaluate -10 - -4 - (2 - (-3 - -2) - 4).
-5
Evaluate -10730 + 10853 - (-2 - -82).
43
Calculate 110 + 63 + 7 + (-115 - -73).
138
(-1 - 9) + (37 - (60 - 32)) + 52 - -7
58
What is the value of -21 + 9 + 65 + 22?
75
Calculate 10 + -103 + (264 - 252).
-81
6 - (-6 - (11 - 22) - 9 - -1)
9
Evaluate ((-14 - 2) + 1 - (-140 - -135)) + 14 + 19.
23
What is -51 - (41 - (-27 - (-61 + 10)))?
-68
What is the value of 72 + -86 - (-3 - 35) - -4?
28
-3 - 1 - ((-33 - (-45 - 65)) + 9)
-90
5 - (697 + -707 - (2 - 0 - -30))
47
10 + 1 + (-148 - (31 - 126))
-42
(7 - -15 - 60) + (-25 - (10 - 20))
-53
-26 - (-2 - 121) - (11 - 9) - -3
98
What is the value of -2 + 2 + 23 + -6991 + 6924?
-44
What is 21 + -24 + 9 - -22?
28
Evaluate (-60 - 35) + 11 + (-22 - -34).
-72
What is 55 + (27 + 3 - (31 + -28 + 11))?
71
Calculate (-6 + 10 - 20) + 5 + 11 + -10.
-10
Evaluate 0 + (-5 - (-17 - 4)) + 11 - (5 + -3).
25
-12 + (19 - (3 + -8 + 19)) - (3 - 58)
48
Calculate -13 + (-3 - ((20 - -3) + -115)).
76
(-125 - (-2 - 14) - -27) + 27
-55
What is the value of -5 + -25 + -22 - -16?
-36
-5 + -70 + 275 + -210
-10
Evaluate (-7 - -12) + -16 + 38 + -14.
13
What is 82 + (-72 - -12) - -34?
56
What is (10 - 19 - (-29 + 22) - 0) + -42?
-44
Calculate (47 - 2) + 1 + (67 + -74 - -11).
50
Calculate 11 + (-62 + 19 - (-123 - -3)).
88
What is the value of -83 + -23 + -21 + 68?
-59
What is the value of (32 - 47) + -10 - -15?
-10
What is (-24 - (55 - 119)) + -27?
13
What is (-1 - -8) + (-10 - (-30 + 22))?
5
Calculate (18 - (-25 - -54)) + -41 + 9.
-43
What is 4 - -3 - (64 - (2 + 4) - 2)?
-49
3 + (-14 + 8 + 11 + -7 + 0 - 79)
-78
Evaluate -717 - -641 - (2 + 14) - (3 - 8).
-87
What is 39 - (33 - 15 - -20)?
1
What is (-12 - 0) + (72 - 18) + -69?
-27
Calculate -50 + (22 - 44) + 2 + 27.
-43
What is 92 + (-8 - (19 + 111))?
-46
Calculate 7 - -51 - 57 - (-4 + 0 + -1).
6
What is 70 - (-50 - 101 - -120)?
101
Calculate (-53 - 3) + (-10 - (1 + -3)) + -462 + 462.
-64
Calculate (-40 - -48) + -59 + 47.
-4
What is -1 + 1 + -14 + (-5418 - -5506)?
74
What is the value of -28 - ((-54 - -30) + 63)?
-67
What is the value of 2 + 7 + 18 + -25 + (-2 - -6) + 9?
15
What is (31 - (30 - -14) - -16) + (7 - -1)?
11
What is (-8 - (32 - -25) - -20) + -13?
-58
What is the value of 61 + -108 - -27 - (-1 + 20)?
-39
What is the value of 71 - 114 - 71 - -160?
46
-7 + (13 - (-50 - -23)) + 37
70
Evaluate -15 - (-25 + 9) - (-8 + -26 - 2).
37
Evaluate -155 - (-114 - 44 - -37).
-34
What is 52 - 17 - (30 + -18 + 28)?
-5
What is -46 - (0 + 6 + (1 + -15 - (172 + -187)))?
-53
What is the value of (128 - -5) + (96 + -90 - 42)?
97
What is 31 - (9 - 17) - (76 - 50)?
13
What is the value of 10 + (-1 + 2 + -6 - (12 + 39) - -6)?
-40
What is the value of 150 - 20 - (-384 - -437)?
77
Evaluate (-3 - -5) + -2 - (-31 + -7 + 17).
21
What is 0 - -6 - -37 - 33?
10
What is the value of -8550 + 8666 - (-1 - -83)?
34
Evaluate -2 - -15 - (176 + -155).
-8
Calculate (0 - -2 - (12 - 14 - (-34 - -21))) + 7.
-2
What is the value of (14 - 1) + -21 + (22 - 2)?
12
What is the value of 14 + (-107 - (-40 - 14))?
-39
Calculate (0 + 6 + -2 - (19 - -12 - 37)) + 33.
43
Evaluate 39 - (12 + (-23 - (-35 + 19))).
34
Evaluate (108 - 94) + (-40 - (7 + -1)).
-32
What is -30 - (-12 - ((15 - 7) + -9))?
-19
What is the value of (18 - 80 - -54) + -18?
-26
What is the value of (-38 + 18 - -139) + (-27 - -10) + 8?
110
What is the value of (-7 + 78 - 67) + (-3 + 4 - 4)?
1
What is -61 - -1 - (7202 - 7210)?
-52
Calculate 46 + (1402 - 1420 - (0 + -17)).
45
Evaluate 13 - (5 + -14 - (-17 + 8)) - 27.
-14
Evaluate -19 + (-14 + 14 - 19) - -19.
-19
What is the value of 16 - (0 - (-53 - (19 + -3)))?
-53
11 + -12 + 23 + (-6 - -4)
20
Calculate 26 + -1 + (-123 - (169 + -250)).
-17
What is the value of -24 + -37 + 107 - 69?
-23
Evaluate 12 + -4 - (-12 - (-22 - -12)) - -40.
50
Calculate (17 - 44) + (114 - (27 - 14)).
74
Calculate 15 + (-13 + 8 - (-3 - 11 - -11)).
13
What is the value of 26 + -34 - -17 - 37 - 43?
-71
Calculate 1 - -1 - 36 - (15 - ((-35 - -86) + -28)).
-26
Evaluate (19 - (5 - 4)) + (207 - 214).
11
Evaluate -79 + (36 - -98 - -71).
126
What is the value of (-28 - (15 - (-35 + 35))) + (1 - -11)?
-31
What is (3 - (-3 + -16)) + -40 + 97 + 3?
82
Calculate 2 + 14 + -16 - (1 - (3 + 1)).
3
78 + -19 - 34 - (-2 + 136)
-109
Calculate (-32 - (-48 + 37)) + (67 - -1).
47
What is (180 - 181) + 39 + 3?
41
10 + -29 + 37 - 15
3
Calculate 5602 + -5605 - (-2 - ((-3 - 0) + -45)).
-49
What is (-80 - ((2 + -12 - -20) + -14)) + 7?
-69
What is -5710 - -5822 - (2 + 131)?
-21
What is the value of -55 + 59 + -4 - (-11 + -2 + 2) - 4?
7
Calculate 10 + -3 + 43 + (-65 - 109).
-124
What is (1 - 1 - 0 - 6) + (-273 - 647 - -831)?
-95
Calculate (-6 - (-42 - -28 - -6)) + 61.
63
What is the value of ((56 - 5) + -18 - 19) + -48?
-34
Evaluate 9 - -3 - 75 - (-20 - -55).
-98
Evaluate 17 + 4 - ((50 - 13) + 9).
-25
What is (-906 - -1057) + (-30 - 2) + -6?
113
What is the value of 50 + -69 + -57 + (4 - 0)?
-72
Evaluate -78 - ((-23 - -80) + -83).
-52
What is the value of (13 + (-25 - 20) + 19 - (0 + -16)) + 72?
75
What is the value of (-4 - -7) + -10 - (-45 + 0 + 21)?
17
Evaluate -1 + -34 - ((3303 - 3293) + 2 + -25 + 2).
-24
What is (18 - (-14 + 5 - -47)) + -30?
-50
Evaluate -1 + -11 - (34 + -5 - (-62 - -82)).
-21
Evaluate (-2 + 29 - (-104 + 120)) + (10 - -69).
90
Calculate -4 - (-44 - (-60 + 15 + 21)).
16
Evaluate (-2 - -113) + 1758 + -1923.
-54
What is the value of (-1 - 0) + 3 + -2 - 143 - (347 + -340)?
-150
What is -69 + -49 + 31 + 38?
-49
-17 + 32 - (6 - (-3 - -6) - (3 - 3))
12
What is the value of -104 + (-18 - -38) + 10 + -19 + 2?
-91
What is -1 + 19 + 18 + (53 - 19) + -39?
31
What is -10 + -1 + 0 + (1 - -1) + 10 + -5?
-4
121 - -9 - (-1250 - -1413)
-33
Calculate -6 + -11 + (49 - 31) + (-2 - 4).
-5
What is 87 - (-4 + (-23 - -21 - -10) - 5)?
88
What is the value of -4 - (-11 + (27 - 5) - -9 - (-38 + 29))?
-33
21 - (35 - 0 - (60 - 50))
-4
Calculate -52 + (-49 - (-35 - -17 - 17)).
-66
What is (22 - (-27 - 43)) + (-1 - -1) - 19?
73
Calculate -671 + 607 + (-3 - -37).
-30
What is 10 + (-147 - -112) - (-86 - 1)?
62
Calculate -81 - (-4 - (-2 + 11) - (-52 - -26 - -21)).
-73
What is the value of -47 + (5 - -48) + -54?
-48
115 + -30 + (-18 - 65)
2
What is the value of 107 + -53 - (-13 - -3 - 2)?
66
Calculate (4 + 36 - 62) + (4 - 10).
-28
Calculate -23 - (-13 + (-74 - (-7 + -13))).
44
(-8 + 3 + 8 - 9) + -3 - (-4 - 32)
27
Calculate (-6 - (-3 + -17)) + -41.
-27
Evaluate -6 - (64 + -145 + -2 + 12 + 3).
62
What is (-84 - -41) + 76 - 39 - (-42 + (-1 - 1))?
38
Calculate -1 + -3 - (8297 + -8224).
-77
0 + (-37 - (-1 + 0 + 18 + -16)) - -3
-35
Calculate 40 + -22 - (-65 - -22).
61
Evaluate (19 - (18 + 36)) + 11 + (-2 - 1).
-27
Calculate 52 - 53 - (-26 + 4) - (-100 + 12).
109
Evaluate -161 + 88 - (-57 - 0).
-16
Calculate (-9 - -22) + 33 - 37.
9
Evaluate (35 - (36 + -9)) + -13 + 2 - -28.
25
-209 + 194 - ((-5 - (-3 - 0) 